{"id":521,"date":"2022-03-02T09:23:52","date_gmt":"2022-03-02T09:23:52","guid":{"rendered":"http:\/\/promarm.cluster031.hosting.ovh.net\/?page_id=521"},"modified":"2022-04-20T09:01:12","modified_gmt":"2022-04-20T09:01:12","slug":"services","status":"publish","type":"page","link":"http:\/\/promarm.cluster031.hosting.ovh.net\/?page_id=521","title":{"rendered":"Services"},"content":{"rendered":"\t\t<div data-elementor-type=\"wp-page\" data-elementor-id=\"521\" class=\"elementor elementor-521\">\n\t\t\t\t\t\t\t\t\t<section class=\"elementor-section elementor-top-section elementor-element elementor-element-00bb055 elementor-section-boxed elementor-section-height-default elementor-section-height-default\" data-id=\"00bb055\" data-element_type=\"section\" data-settings=\"{&quot;background_background&quot;:&quot;classic&quot;}\">\n\t\t\t\t\t\t\t<div class=\"elementor-background-overlay\"><\/div>\n\t\t\t\t\t\t\t<div class=\"elementor-container elementor-column-gap-default\">\n\t\t\t\t\t<div class=\"elementor-column elementor-col-100 elementor-top-column elementor-element elementor-element-ab15d8e\" data-id=\"ab15d8e\" data-element_type=\"column\">\n\t\t\t<div class=\"elementor-widget-wrap elementor-element-populated\">\n\t\t\t\t\t\t\t\t<div class=\"elementor-element elementor-element-ec7b268 elementor-widget elementor-widget-heading\" data-id=\"ec7b268\" data-element_type=\"widget\" data-widget_type=\"heading.default\">\n\t\t\t\t<div class=\"elementor-widget-container\">\n\t\t\t<style>\/*! elementor - v3.6.2 - 04-04-2022 *\/\n.elementor-heading-title{padding:0;margin:0;line-height:1}.elementor-widget-heading .elementor-heading-title[class*=elementor-size-]>a{color:inherit;font-size:inherit;line-height:inherit}.elementor-widget-heading .elementor-heading-title.elementor-size-small{font-size:15px}.elementor-widget-heading .elementor-heading-title.elementor-size-medium{font-size:19px}.elementor-widget-heading .elementor-heading-title.elementor-size-large{font-size:29px}.elementor-widget-heading .elementor-heading-title.elementor-size-xl{font-size:39px}.elementor-widget-heading .elementor-heading-title.elementor-size-xxl{font-size:59px}<\/style><h1 class=\"elementor-heading-title elementor-size-default\">Nos services<\/h1>\t\t<\/div>\n\t\t\t\t<\/div>\n\t\t\t\t<div class=\"elementor-element elementor-element-1b3fa3a elementor-widget elementor-widget-text-editor\" data-id=\"1b3fa3a\" data-element_type=\"widget\" data-widget_type=\"text-editor.default\">\n\t\t\t\t<div class=\"elementor-widget-container\">\n\t\t\t<style>\/*! elementor - v3.6.2 - 04-04-2022 *\/\n.elementor-widget-text-editor.elementor-drop-cap-view-stacked .elementor-drop-cap{background-color:#818a91;color:#fff}.elementor-widget-text-editor.elementor-drop-cap-view-framed .elementor-drop-cap{color:#818a91;border:3px solid;background-color:transparent}.elementor-widget-text-editor:not(.elementor-drop-cap-view-default) .elementor-drop-cap{margin-top:8px}.elementor-widget-text-editor:not(.elementor-drop-cap-view-default) .elementor-drop-cap-letter{width:1em;height:1em}.elementor-widget-text-editor .elementor-drop-cap{float:left;text-align:center;line-height:1;font-size:50px}.elementor-widget-text-editor .elementor-drop-cap-letter{display:inline-block}<\/style>\t\t\t\t<p><u>Promaritimes<\/u> puise sa force dans la qualit\u00e9 de ses nombreux produits, ainsi que dans les r\u00e8gles d&#8217;hygi\u00e8ne les plus strictes, mais aussi et surtout, dans la fid\u00e9lisation naturelle de ses clients en leur offrants des services et avantages qui sont mis \u00e0 leurs dispositions afin que ceux ci re\u00e7oivent toutes les exigences demand\u00e9es.<\/p><p>Vous trouverez chez Promaritimes un cadre professionnel ainsi qu&#8217;un accueil attentif et personnalis\u00e9 dans une infrastructure unique.<\/p>\t\t\t\t\t\t<\/div>\n\t\t\t\t<\/div>\n\t\t\t\t\t<\/div>\n\t\t<\/div>\n\t\t\t\t\t\t\t<\/div>\n\t\t<\/section>\n\t\t\t\t<section class=\"elementor-section elementor-top-section elementor-element elementor-element-4445c6c elementor-section-boxed elementor-section-height-default elementor-section-height-default\" data-id=\"4445c6c\" data-element_type=\"section\">\n\t\t\t\t\t\t<div class=\"elementor-container elementor-column-gap-default\">\n\t\t\t\t\t<div class=\"elementor-column elementor-col-100 elementor-top-column elementor-element elementor-element-9e05137\" data-id=\"9e05137\" data-element_type=\"column\">\n\t\t\t<div class=\"elementor-widget-wrap elementor-element-populated\">\n\t\t\t\t\t\t\t\t<div class=\"elementor-element elementor-element-f1e9dcf elementor-widget elementor-widget-heading\" data-id=\"f1e9dcf\" data-element_type=\"widget\" data-widget_type=\"heading.default\">\n\t\t\t\t<div class=\"elementor-widget-container\">\n\t\t\t<h2 class=\"elementor-heading-title elementor-size-default\">Nous sommes l\u00e0 pour vous!<\/h2>\t\t<\/div>\n\t\t\t\t<\/div>\n\t\t\t\t<section class=\"elementor-section elementor-inner-section elementor-element elementor-element-8f01eef elementor-section-boxed elementor-section-height-default elementor-section-height-default\" data-id=\"8f01eef\" data-element_type=\"section\">\n\t\t\t\t\t\t<div class=\"elementor-container elementor-column-gap-default\">\n\t\t\t\t\t<div class=\"elementor-column elementor-col-33 elementor-inner-column elementor-element elementor-element-e2f082d\" data-id=\"e2f082d\" data-element_type=\"column\">\n\t\t\t<div class=\"elementor-widget-wrap elementor-element-populated\">\n\t\t\t\t\t\t\t\t<div class=\"elementor-element elementor-element-f2d8185 elementor-cta--skin-classic elementor-animated-content elementor-bg-transform elementor-bg-transform-zoom-in elementor-widget elementor-widget-call-to-action\" data-id=\"f2d8185\" data-element_type=\"widget\" data-widget_type=\"call-to-action.default\">\n\t\t\t\t<div class=\"elementor-widget-container\">\n\t\t\t<link rel=\"stylesheet\" href=\"http:\/\/promarm.cluster031.hosting.ovh.net\/wp-content\/plugins\/elementor-pro\/assets\/css\/widget-call-to-action.min.css\">\t\t<div class=\"elementor-cta\">\n\t\t\t\t\t<div class=\"elementor-cta__bg-wrapper\">\n\t\t\t\t<div class=\"elementor-cta__bg elementor-bg\" style=\"background-image: url(http:\/\/promarm.cluster031.hosting.ovh.net\/wp-content\/uploads\/2022\/04\/poissons-2.jpg);\"><\/div>\n\t\t\t\t<div class=\"elementor-cta__bg-overlay\"><\/div>\n\t\t\t<\/div>\n\t\t\t\t\t\t\t<div class=\"elementor-cta__content\">\n\t\t\t\t\n\t\t\t\t<h2 class=\"elementor-cta__title elementor-cta__content-item elementor-content-item\">Nos produits<\/h2>\n\t\t\t\t\t\t\t\t\t<div class=\"elementor-cta__description elementor-cta__content-item elementor-content-item\">\n\t\t\t\t\t\tNos produits sont minutieusement s\u00e9lectionn\u00e9 afin de vous garantir une qualit\u00e9 et fra\u00eecheur unique. Nous travaillons avec un r\u00e9seau de fournisseurs  fid\u00e8les qui connaissent nos exigences en mati\u00e8re de qualit\u00e9. En plus de ces exigences, nous fournissons nous m\u00eame un contr\u00f4le de qualit\u00e9 afin de vous assurer la fra\u00eecheur  de nos produits.\t\t\t\t\t<\/div>\n\t\t\t\t\n\t\t\t\t\t\t\t<\/div>\n\t\t\t\t\t\t<\/div>\n\t\t\t\t<\/div>\n\t\t\t\t<\/div>\n\t\t\t\t\t<\/div>\n\t\t<\/div>\n\t\t\t\t<div class=\"elementor-column elementor-col-33 elementor-inner-column elementor-element elementor-element-7803882\" data-id=\"7803882\" data-element_type=\"column\">\n\t\t\t<div class=\"elementor-widget-wrap elementor-element-populated\">\n\t\t\t\t\t\t\t\t<div class=\"elementor-element elementor-element-7583142 elementor-cta--skin-classic elementor-animated-content elementor-bg-transform elementor-bg-transform-zoom-in elementor-widget elementor-widget-call-to-action\" data-id=\"7583142\" data-element_type=\"widget\" data-widget_type=\"call-to-action.default\">\n\t\t\t\t<div class=\"elementor-widget-container\">\n\t\t\t\t\t<div class=\"elementor-cta\">\n\t\t\t\t\t<div class=\"elementor-cta__bg-wrapper\">\n\t\t\t\t<div class=\"elementor-cta__bg elementor-bg\" style=\"background-image: url(http:\/\/promarm.cluster031.hosting.ovh.net\/wp-content\/uploads\/2022\/04\/Capture-de\u0301cran-2022-04-20-a\u0300-10.52.22-1024x613.png);\"><\/div>\n\t\t\t\t<div class=\"elementor-cta__bg-overlay\"><\/div>\n\t\t\t<\/div>\n\t\t\t\t\t\t\t<div class=\"elementor-cta__content\">\n\t\t\t\t\n\t\t\t\t<h2 class=\"elementor-cta__title elementor-cta__content-item elementor-content-item\">La pr\u00e9paration<\/h2>\n\t\t\t\t\t\t\t\t\t<div class=\"elementor-cta__description elementor-cta__content-item elementor-content-item\">\n\t\t\t\t\t\tLa pr\u00e9paration est \u00e9galement une \u00e9tape importante, la d\u00e9coupe de votre produit est minutieusement fait par nos soins dans nos ateliers. Pour vous faire gagner du temps, nous mettons \u00e0 votre disposition un service de filetage et nettoyage de vos poissons. Nos ateliers de d\u00e9coupe et de pr\u00e9paration sont \u00e9quip\u00e9 d\u2019un rev\u00eatement sp\u00e9cial afin d\u2019y \u00eatre nettoyer tous les jours par notre \u00e9quipe avec des produits certifi\u00e9s et pour nous permettre de vous garantir une hygi\u00e8ne la plus totale possible.\t\t\t\t\t<\/div>\n\t\t\t\t\n\t\t\t\t\t\t\t<\/div>\n\t\t\t\t\t\t<\/div>\n\t\t\t\t<\/div>\n\t\t\t\t<\/div>\n\t\t\t\t\t<\/div>\n\t\t<\/div>\n\t\t\t\t<div class=\"elementor-column elementor-col-33 elementor-inner-column elementor-element elementor-element-8a245d6\" data-id=\"8a245d6\" data-element_type=\"column\">\n\t\t\t<div class=\"elementor-widget-wrap elementor-element-populated\">\n\t\t\t\t\t\t\t\t<div class=\"elementor-element elementor-element-30ba85b elementor-cta--skin-classic elementor-animated-content elementor-bg-transform elementor-bg-transform-zoom-in elementor-widget elementor-widget-call-to-action\" data-id=\"30ba85b\" data-element_type=\"widget\" data-widget_type=\"call-to-action.default\">\n\t\t\t\t<div class=\"elementor-widget-container\">\n\t\t\t\t\t<div class=\"elementor-cta\">\n\t\t\t\t\t<div class=\"elementor-cta__bg-wrapper\">\n\t\t\t\t<div class=\"elementor-cta__bg elementor-bg\" style=\"background-image: url(http:\/\/promarm.cluster031.hosting.ovh.net\/wp-content\/uploads\/2022\/04\/5.jpg);\"><\/div>\n\t\t\t\t<div class=\"elementor-cta__bg-overlay\"><\/div>\n\t\t\t<\/div>\n\t\t\t\t\t\t\t<div class=\"elementor-cta__content\">\n\t\t\t\t\n\t\t\t\t<h2 class=\"elementor-cta__title elementor-cta__content-item elementor-content-item\">La livraison<\/h2>\n\t\t\t\t\t\t\t\t\t<div class=\"elementor-cta__description elementor-cta__content-item elementor-content-item\">\n\t\t\t\t\t\tVotre marchandise est livr\u00e9e dans des bacs r\u00e9utilisables afin de limit\u00e9 l\u2019impact \u00e9cologique, ceux-ci sont lav\u00e9s et d\u00e9sinfect\u00e9s par une soci\u00e9t\u00e9 agr\u00e9\u00e9. Votre marchandise est ensuite transport\u00e9e dans nos camions frigorifiques qui vous garantissent le maintien d\u2019une temp\u00e9rature constante et d\u2019\u00e9viter de briser la  chaine  du froid.\t\t\t\t\t<\/div>\n\t\t\t\t\n\t\t\t\t\t\t\t<\/div>\n\t\t\t\t\t\t<\/div>\n\t\t\t\t<\/div>\n\t\t\t\t<\/div>\n\t\t\t\t\t<\/div>\n\t\t<\/div>\n\t\t\t\t\t\t\t<\/div>\n\t\t<\/section>\n\t\t\t\t<div class=\"elementor-element elementor-element-be4e42e elementor-cta--skin-classic elementor-animated-content elementor-bg-transform elementor-bg-transform-zoom-in elementor-widget elementor-widget-call-to-action\" data-id=\"be4e42e\" data-element_type=\"widget\" data-widget_type=\"call-to-action.default\">\n\t\t\t\t<div class=\"elementor-widget-container\">\n\t\t\t\t\t<div class=\"elementor-cta\">\n\t\t\t\t\t<div class=\"elementor-cta__bg-wrapper\">\n\t\t\t\t<div class=\"elementor-cta__bg elementor-bg\" style=\"background-image: url(http:\/\/promarm.cluster031.hosting.ovh.net\/wp-content\/uploads\/2022\/04\/promo-1024x358.jpg);\"><\/div>\n\t\t\t\t<div class=\"elementor-cta__bg-overlay\"><\/div>\n\t\t\t<\/div>\n\t\t\t\t\t\t\t<div class=\"elementor-cta__content\">\n\t\t\t\t\n\t\t\t\t<h2 class=\"elementor-cta__title elementor-cta__content-item elementor-content-item\">Nos promotions<\/h2>\n\t\t\t\t\t\t\t\t\t<div class=\"elementor-cta__description elementor-cta__content-item elementor-content-item\">\n\t\t\t\t\t\tChaque semaine, nos clients re\u00e7oivent en exclusivit\u00e9 par mail une promotion de la semaine avec plusieurs propositions de produits vari\u00e9s aussi bien du frais, fum\u00e9 ou surgel\u00e9 afin qu\u2019ils b\u00e9n\u00e9ficient et disposent  d\u2019un plus large choix de marchandises de haute qualit\u00e9 \u00e0 un prix attractif\t\t\t\t\t<\/div>\n\t\t\t\t\n\t\t\t\t\t\t\t<\/div>\n\t\t\t\t\t\t<\/div>\n\t\t\t\t<\/div>\n\t\t\t\t<\/div>\n\t\t\t\t\t<\/div>\n\t\t<\/div>\n\t\t\t\t\t\t\t<\/div>\n\t\t<\/section>\n\t\t\t\t\t\t\t<\/div>\n\t\t","protected":false},"excerpt":{"rendered":"<p>Nos services Promaritimes puise sa force dans la qualit\u00e9 de ses nombreux produits, ainsi que dans les r\u00e8gles d&#8217;hygi\u00e8ne les plus strictes, mais aussi et surtout, dans la fid\u00e9lisation naturelle de ses clients en leur offrants des services et avantages qui sont mis \u00e0 leurs dispositions afin que ceux ci re\u00e7oivent toutes les exigences demand\u00e9es. [&hellip;]<\/p>\n","protected":false},"author":1,"featured_media":0,"parent":0,"menu_order":0,"comment_status":"closed","ping_status":"closed","template":"elementor_header_footer","meta":{"footnotes":""},"class_list":["post-521","page","type-page","status-publish","hentry"],"yoast_head":"<!-- This site is optimized with the Yoast SEO plugin v18.5 - https:\/\/yoast.com\/wordpress\/plugins\/seo\/ -->\n<title>Services - Promarm<\/title>\n<meta name=\"robots\" content=\"index, follow, max-snippet:-1, max-image-preview:large, max-video-preview:-1\" \/>\n<link rel=\"canonical\" href=\"http:\/\/promarm.cluster031.hosting.ovh.net\/?page_id=521\" \/>\n<meta property=\"og:locale\" content=\"en_US\" \/>\n<meta property=\"og:type\" content=\"article\" \/>\n<meta property=\"og:title\" content=\"Services - Promarm\" \/>\n<meta property=\"og:description\" content=\"Nos services Promaritimes puise sa force dans la qualit\u00e9 de ses nombreux produits, ainsi que dans les r\u00e8gles d&#8217;hygi\u00e8ne les plus strictes, mais aussi et surtout, dans la fid\u00e9lisation naturelle de ses clients en leur offrants des services et avantages qui sont mis \u00e0 leurs dispositions afin que ceux ci re\u00e7oivent toutes les exigences demand\u00e9es. [&hellip;]\" \/>\n<meta property=\"og:url\" content=\"http:\/\/promarm.cluster031.hosting.ovh.net\/?page_id=521\" \/>\n<meta property=\"og:site_name\" content=\"Promarm\" \/>\n<meta property=\"article:modified_time\" content=\"2022-04-20T09:01:12+00:00\" \/>\n<meta name=\"twitter:card\" content=\"summary_large_image\" \/>\n<meta name=\"twitter:label1\" content=\"Est. reading time\" \/>\n\t<meta name=\"twitter:data1\" content=\"2 minutes\" \/>\n<script type=\"application\/ld+json\" class=\"yoast-schema-graph\">{\"@context\":\"https:\/\/schema.org\",\"@graph\":[{\"@type\":\"WebSite\",\"@id\":\"http:\/\/promarm.cluster031.hosting.ovh.net\/#website\",\"url\":\"http:\/\/promarm.cluster031.hosting.ovh.net\/\",\"name\":\"Promarm\",\"description\":\"My WordPress Blog\",\"potentialAction\":[{\"@type\":\"SearchAction\",\"target\":{\"@type\":\"EntryPoint\",\"urlTemplate\":\"http:\/\/promarm.cluster031.hosting.ovh.net\/?s={search_term_string}\"},\"query-input\":\"required name=search_term_string\"}],\"inLanguage\":\"en-US\"},{\"@type\":\"WebPage\",\"@id\":\"http:\/\/promarm.cluster031.hosting.ovh.net\/?page_id=521#webpage\",\"url\":\"http:\/\/promarm.cluster031.hosting.ovh.net\/?page_id=521\",\"name\":\"Services - Promarm\",\"isPartOf\":{\"@id\":\"http:\/\/promarm.cluster031.hosting.ovh.net\/#website\"},\"datePublished\":\"2022-03-02T09:23:52+00:00\",\"dateModified\":\"2022-04-20T09:01:12+00:00\",\"breadcrumb\":{\"@id\":\"http:\/\/promarm.cluster031.hosting.ovh.net\/?page_id=521#breadcrumb\"},\"inLanguage\":\"en-US\",\"potentialAction\":[{\"@type\":\"ReadAction\",\"target\":[\"http:\/\/promarm.cluster031.hosting.ovh.net\/?page_id=521\"]}]},{\"@type\":\"BreadcrumbList\",\"@id\":\"http:\/\/promarm.cluster031.hosting.ovh.net\/?page_id=521#breadcrumb\",\"itemListElement\":[{\"@type\":\"ListItem\",\"position\":1,\"name\":\"Home\",\"item\":\"http:\/\/promarm.cluster031.hosting.ovh.net\/\"},{\"@type\":\"ListItem\",\"position\":2,\"name\":\"Services\"}]}]}<\/script>\n<!-- \/ Yoast SEO plugin. -->","yoast_head_json":{"title":"Services - Promarm","robots":{"index":"index","follow":"follow","max-snippet":"max-snippet:-1","max-image-preview":"max-image-preview:large","max-video-preview":"max-video-preview:-1"},"canonical":"http:\/\/promarm.cluster031.hosting.ovh.net\/?page_id=521","og_locale":"en_US","og_type":"article","og_title":"Services - Promarm","og_description":"Nos services Promaritimes puise sa force dans la qualit\u00e9 de ses nombreux produits, ainsi que dans les r\u00e8gles d&#8217;hygi\u00e8ne les plus strictes, mais aussi et surtout, dans la fid\u00e9lisation naturelle de ses clients en leur offrants des services et avantages qui sont mis \u00e0 leurs dispositions afin que ceux ci re\u00e7oivent toutes les exigences demand\u00e9es. [&hellip;]","og_url":"http:\/\/promarm.cluster031.hosting.ovh.net\/?page_id=521","og_site_name":"Promarm","article_modified_time":"2022-04-20T09:01:12+00:00","twitter_card":"summary_large_image","twitter_misc":{"Est. reading time":"2 minutes"},"schema":{"@context":"https:\/\/schema.org","@graph":[{"@type":"WebSite","@id":"http:\/\/promarm.cluster031.hosting.ovh.net\/#website","url":"http:\/\/promarm.cluster031.hosting.ovh.net\/","name":"Promarm","description":"My WordPress Blog","potentialAction":[{"@type":"SearchAction","target":{"@type":"EntryPoint","urlTemplate":"http:\/\/promarm.cluster031.hosting.ovh.net\/?s={search_term_string}"},"query-input":"required name=search_term_string"}],"inLanguage":"en-US"},{"@type":"WebPage","@id":"http:\/\/promarm.cluster031.hosting.ovh.net\/?page_id=521#webpage","url":"http:\/\/promarm.cluster031.hosting.ovh.net\/?page_id=521","name":"Services - Promarm","isPartOf":{"@id":"http:\/\/promarm.cluster031.hosting.ovh.net\/#website"},"datePublished":"2022-03-02T09:23:52+00:00","dateModified":"2022-04-20T09:01:12+00:00","breadcrumb":{"@id":"http:\/\/promarm.cluster031.hosting.ovh.net\/?page_id=521#breadcrumb"},"inLanguage":"en-US","potentialAction":[{"@type":"ReadAction","target":["http:\/\/promarm.cluster031.hosting.ovh.net\/?page_id=521"]}]},{"@type":"BreadcrumbList","@id":"http:\/\/promarm.cluster031.hosting.ovh.net\/?page_id=521#breadcrumb","itemListElement":[{"@type":"ListItem","position":1,"name":"Home","item":"http:\/\/promarm.cluster031.hosting.ovh.net\/"},{"@type":"ListItem","position":2,"name":"Services"}]}]}},"_links":{"self":[{"href":"http:\/\/promarm.cluster031.hosting.ovh.net\/index.php?rest_route=\/wp\/v2\/pages\/521","targetHints":{"allow":["GET"]}}],"collection":[{"href":"http:\/\/promarm.cluster031.hosting.ovh.net\/index.php?rest_route=\/wp\/v2\/pages"}],"about":[{"href":"http:\/\/promarm.cluster031.hosting.ovh.net\/index.php?rest_route=\/wp\/v2\/types\/page"}],"author":[{"embeddable":true,"href":"http:\/\/promarm.cluster031.hosting.ovh.net\/index.php?rest_route=\/wp\/v2\/users\/1"}],"replies":[{"embeddable":true,"href":"http:\/\/promarm.cluster031.hosting.ovh.net\/index.php?rest_route=%2Fwp%2Fv2%2Fcomments&post=521"}],"version-history":[{"count":122,"href":"http:\/\/promarm.cluster031.hosting.ovh.net\/index.php?rest_route=\/wp\/v2\/pages\/521\/revisions"}],"predecessor-version":[{"id":1053,"href":"http:\/\/promarm.cluster031.hosting.ovh.net\/index.php?rest_route=\/wp\/v2\/pages\/521\/revisions\/1053"}],"wp:attachment":[{"href":"http:\/\/promarm.cluster031.hosting.ovh.net\/index.php?rest_route=%2Fwp%2Fv2%2Fmedia&parent=521"}],"curies":[{"name":"wp","href":"https:\/\/api.w.org\/{rel}","templated":true}]}}